{"id":89,"date":"2021-03-18T11:41:56","date_gmt":"2021-03-18T10:41:56","guid":{"rendered":"https:\/\/www.ardecheinfoservice.fr\/?page_id=89"},"modified":"2021-04-14T09:35:01","modified_gmt":"2021-04-14T07:35:01","slug":"reseaux-et-securite","status":"publish","type":"page","link":"https:\/\/www.ardecheinfoservice.fr\/index.php\/reseaux-et-securite\/","title":{"rendered":"R\u00e9seaux et S\u00e9curit\u00e9"},"content":{"rendered":"\n<div class=\"wp-block-image is-style-rounded\"><figure class=\"alignleft size-large is-resized\"><img loading=\"lazy\" src=\"https:\/\/www.ardecheinfoservice.fr\/wp-content\/uploads\/2021\/03\/fotomelia-site-d-images-gratuites-et-libres-de-droits-10-1024x641.jpg\" alt=\"\" class=\"wp-image-90\" width=\"430\" height=\"269\" srcset=\"https:\/\/www.ardecheinfoservice.fr\/wp-content\/uploads\/2021\/03\/fotomelia-site-d-images-gratuites-et-libres-de-droits-10-1024x641.jpg 1024w, https:\/\/www.ardecheinfoservice.fr\/wp-content\/uploads\/2021\/03\/fotomelia-site-d-images-gratuites-et-libres-de-droits-10-300x188.jpg 300w, https:\/\/www.ardecheinfoservice.fr\/wp-content\/uploads\/2021\/03\/fotomelia-site-d-images-gratuites-et-libres-de-droits-10-768x481.jpg 768w, https:\/\/www.ardecheinfoservice.fr\/wp-content\/uploads\/2021\/03\/fotomelia-site-d-images-gratuites-et-libres-de-droits-10-1536x962.jpg 1536w, https:\/\/www.ardecheinfoservice.fr\/wp-content\/uploads\/2021\/03\/fotomelia-site-d-images-gratuites-et-libres-de-droits-10-2048x1283.jpg 2048w\" sizes=\"(max-width: 430px) 100vw, 430px\" \/><\/figure><\/div>\n\n\n\n<p class=\"has-drop-cap\">L&rsquo;infrastructure r\u00e9seau est le c\u0153ur de la communication entre les ordinateurs, c&rsquo;est elle qui permet aux applications d&rsquo;atteindre des informations distantes.<\/p>\n\n\n\n<p>C&rsquo;est elle aussi qui permet \u00e0 des attaquants de pouvoir acc\u00e9der \u00e0 des ordinateurs distants. C&rsquo;est pour cette raison qu&rsquo;il faut l&rsquo;associer \u00e0 des dispositifs qui filtrent les communications pour n&rsquo;autoriser que celles qui sont s\u00fbres.<\/p>\n\n\n\n<p><\/p>\n\n\n\n<p>Ces dispositifs se nomment des pare-feu (Firewall) et permettent d&rsquo;isoler des zones de s\u00e9curit\u00e9 diff\u00e9rentes en filtrant les communications entre ces zones.<\/p>\n\n\n\n<p>Suivant votre projet, je vous accompagnerai dans sa r\u00e9alisation. Quelques exemples de projets pour lesquels je peux apporter une plus-value significative<\/p>\n\n\n\n<figure class=\"wp-block-table is-style-regular\"><table class=\"has-subtle-light-gray-background-color has-fixed-layout has-background\"><thead><tr><th>Projet<\/th><th>Plus-Value<\/th><\/tr><\/thead><tbody><tr><td>Nouvelle installation de r\u00e9seau local<\/td><td>C\u00e2blage, switchs, routeurs : D\u00e9finition du besoin, architecture, installation physique, configuration logique, maintenance<\/td><\/tr><tr><td>Acc\u00e8s s\u00e9curis\u00e9 sortant d&rsquo;un r\u00e9seau local sur Internet. <\/td><td>Pare-feu : D\u00e9finition du besoin, architecture, installation physique et configuration logique, maintenance, formation<\/td><\/tr><tr><td>Segmentation d&rsquo;un r\u00e9seau local en r\u00e9seaux logiques ind\u00e9pendants<\/td><td>Switchs, routeurs : D\u00e9finition du besoin, architecture, installation physique et configuration logique, maintenance, formation<\/td><\/tr><tr><td>Acc\u00e8s s\u00e9curis\u00e9 \u00e0 un r\u00e9seau local \u00e0 partir d&rsquo;Internet. Mise en place d&rsquo;un t\u00e9l\u00e9travail ma\u00eetris\u00e9<\/td><td>Pare-feu et\/ou VPN (R\u00e9seau Priv\u00e9 Virtuel) : D\u00e9finition du besoin, architecture, installation physique et configuration logique, maintenance, formation<\/td><\/tr><\/tbody><\/table><\/figure>\n\n\n\n<p>Quel que soit votre projet, n&rsquo;h\u00e9sitez pas \u00e0 venir m&rsquo;en parler, nous \u00e9tudierons ensemble comment je peux vous aider dans sa r\u00e9alisation. <\/p>\n\n\n\n<p>Vous pouvez me contacter en utilisant le <a href=\"https:\/\/www.ardecheinfoservice.fr\/index.php\/contact\/\" data-type=\"URL\" data-id=\"https:\/\/www.ardecheinfoservice.fr\/index.php\/contact\/\">formulaire ici<\/a> <\/p>\n\n\n\n<p><\/p>\n\n\n\n<p><\/p>\n","protected":false},"excerpt":{"rendered":"<p class=\"qua-blog-post-description\">L&rsquo;infrastructure r\u00e9seau est le c\u0153ur de la communication entre les ordinateurs, c&rsquo;est elle qui permet aux applications d&rsquo;atteindre des informations distantes. C&rsquo;est elle aussi qui permet \u00e0 des attaquants de pouvoir acc\u00e9der \u00e0 des ordinateurs distants. C&rsquo;est pour cette raison qu&rsquo;il faut l&rsquo;associer \u00e0 des dispositifs qui filtrent les communications pour n&rsquo;autoriser que celles qui [&hellip;]<\/p>\n","protected":false},"author":2,"featured_media":0,"parent":0,"menu_order":0,"comment_status":"closed","ping_status":"closed","template":"","meta":[],"_links":{"self":[{"href":"https:\/\/www.ardecheinfoservice.fr\/index.php\/wp-json\/wp\/v2\/pages\/89"}],"collection":[{"href":"https:\/\/www.ardecheinfoservice.fr\/index.php\/wp-json\/wp\/v2\/pages"}],"about":[{"href":"https:\/\/www.ardecheinfoservice.fr\/index.php\/wp-json\/wp\/v2\/types\/page"}],"author":[{"embeddable":true,"href":"https:\/\/www.ardecheinfoservice.fr\/index.php\/wp-json\/wp\/v2\/users\/2"}],"replies":[{"embeddable":true,"href":"https:\/\/www.ardecheinfoservice.fr\/index.php\/wp-json\/wp\/v2\/comments?post=89"}],"version-history":[{"count":12,"href":"https:\/\/www.ardecheinfoservice.fr\/index.php\/wp-json\/wp\/v2\/pages\/89\/revisions"}],"predecessor-version":[{"id":192,"href":"https:\/\/www.ardecheinfoservice.fr\/index.php\/wp-json\/wp\/v2\/pages\/89\/revisions\/192"}],"wp:attachment":[{"href":"https:\/\/www.ardecheinfoservice.fr\/index.php\/wp-json\/wp\/v2\/media?parent=89"}],"curies":[{"name":"wp","href":"https:\/\/api.w.org\/{rel}","templated":true}]}}