{"id":133,"date":"2021-03-22T15:09:12","date_gmt":"2021-03-22T14:09:12","guid":{"rendered":"https:\/\/www.ardecheinfoservice.fr\/?page_id=133"},"modified":"2021-04-18T10:35:13","modified_gmt":"2021-04-18T08:35:13","slug":"budget-maitrise","status":"publish","type":"page","link":"https:\/\/www.ardecheinfoservice.fr\/index.php\/budget-maitrise\/","title":{"rendered":"Budget Ma\u00eetris\u00e9"},"content":{"rendered":"\n<div class=\"wp-block-image is-style-rounded\"><figure class=\"alignleft size-large is-resized\"><img loading=\"lazy\" src=\"https:\/\/www.ardecheinfoservice.fr\/wp-content\/uploads\/2021\/03\/pexels-karolina-grabowska-4386373-1024x683.jpg\" alt=\"\" class=\"wp-image-134\" width=\"271\" height=\"180\" srcset=\"https:\/\/www.ardecheinfoservice.fr\/wp-content\/uploads\/2021\/03\/pexels-karolina-grabowska-4386373-1024x683.jpg 1024w, https:\/\/www.ardecheinfoservice.fr\/wp-content\/uploads\/2021\/03\/pexels-karolina-grabowska-4386373-300x200.jpg 300w, https:\/\/www.ardecheinfoservice.fr\/wp-content\/uploads\/2021\/03\/pexels-karolina-grabowska-4386373-768x512.jpg 768w, https:\/\/www.ardecheinfoservice.fr\/wp-content\/uploads\/2021\/03\/pexels-karolina-grabowska-4386373-1536x1024.jpg 1536w, https:\/\/www.ardecheinfoservice.fr\/wp-content\/uploads\/2021\/03\/pexels-karolina-grabowska-4386373-2048x1365.jpg 2048w\" sizes=\"(max-width: 271px) 100vw, 271px\" \/><\/figure><\/div>\n\n\n\n<p>Il est important de se faire une id\u00e9e du co\u00fbt d&rsquo;un service avant de faire appel \u00e0 une aide ext\u00e9rieure.<\/p>\n\n\n\n<p>Les co\u00fbts de mes services sont faciles \u00e0 comprendre et \u00e0 appr\u00e9hender :<\/p>\n\n\n\n<ul><li>D\u00e9placement : 1 \u20ac\/kilom\u00e8tre aller de Lab\u00e9gude au lieu de d\u00e9placement<\/li><li>Prestation : 60 \u20ac\/heure pour un particulier, 100 \u20ac\/heure pour un professionnel<\/li><li>Forfaits journaliers et mensuels<\/li><li>Devis pour particuliers : payant si d\u00e9placement (frais de d\u00e9placements ci-dessus), d\u00e9duit de la facture si accept\u00e9<\/li><li>Devis pour professionnels : payant (d\u00e9placement + taux horaire)<\/li><li>Tous les prix sont TTC<\/li><li>Devis valable 1 mois<\/li><\/ul>\n\n\n\n<figure class=\"wp-block-table is-style-stripes\"><table class=\"has-fixed-layout\"><thead><tr><th>Co\u00fbt<\/th><th>Particulier<\/th><th>Professionnel<\/th><\/tr><\/thead><tbody><tr><td>Frais de d\u00e9placement<\/td><td>1 \u20ac\/km aller<\/td><td>1 \u20ac\/km aller<\/td><\/tr><tr><td>Taux horaire<\/td><td>60 \u20ac\/h<\/td><td>100 \u20ac\/h<\/td><\/tr><tr><td>Forfait journalier ( -25 % *)<\/td><td>360 \u20ac\/j<\/td><td>600 \u20ac\/j<\/td><\/tr><tr><td>Forfait mensuel ( -37 % *)<\/td><td>6 000 \u20ac\/m<\/td><td>10 000 \u20ac\/m<\/td><\/tr><\/tbody><\/table><\/figure>\n\n\n\n<p style=\"font-size:10px\">* Base de 8 h\/jour et 20 j\/mois<\/p>\n\n\n\n<p><a href=\"https:\/\/www.ardecheinfoservice.fr\/index.php\/contact\/\" data-type=\"page\" data-id=\"20\">N&rsquo;h\u00e9sitez pas \u00e0 me contacter<\/a> afin que nous d\u00e9finissions ensemble les prestations dont vous avez besoin.<\/p>\n","protected":false},"excerpt":{"rendered":"<p class=\"qua-blog-post-description\">Il est important de se faire une id\u00e9e du co\u00fbt d&rsquo;un service avant de faire appel \u00e0 une aide ext\u00e9rieure. Les co\u00fbts de mes services sont faciles \u00e0 comprendre et \u00e0 appr\u00e9hender : D\u00e9placement : 1 \u20ac\/kilom\u00e8tre aller de Lab\u00e9gude au lieu de d\u00e9placement Prestation : 60 \u20ac\/heure pour un particulier, 100 \u20ac\/heure pour un [&hellip;]<\/p>\n","protected":false},"author":2,"featured_media":0,"parent":0,"menu_order":0,"comment_status":"closed","ping_status":"closed","template":"","meta":[],"_links":{"self":[{"href":"https:\/\/www.ardecheinfoservice.fr\/index.php\/wp-json\/wp\/v2\/pages\/133"}],"collection":[{"href":"https:\/\/www.ardecheinfoservice.fr\/index.php\/wp-json\/wp\/v2\/pages"}],"about":[{"href":"https:\/\/www.ardecheinfoservice.fr\/index.php\/wp-json\/wp\/v2\/types\/page"}],"author":[{"embeddable":true,"href":"https:\/\/www.ardecheinfoservice.fr\/index.php\/wp-json\/wp\/v2\/users\/2"}],"replies":[{"embeddable":true,"href":"https:\/\/www.ardecheinfoservice.fr\/index.php\/wp-json\/wp\/v2\/comments?post=133"}],"version-history":[{"count":12,"href":"https:\/\/www.ardecheinfoservice.fr\/index.php\/wp-json\/wp\/v2\/pages\/133\/revisions"}],"predecessor-version":[{"id":239,"href":"https:\/\/www.ardecheinfoservice.fr\/index.php\/wp-json\/wp\/v2\/pages\/133\/revisions\/239"}],"wp:attachment":[{"href":"https:\/\/www.ardecheinfoservice.fr\/index.php\/wp-json\/wp\/v2\/media?parent=133"}],"curies":[{"name":"wp","href":"https:\/\/api.w.org\/{rel}","templated":true}]}}

Budget Maîtrisé

<div class="wp-block-image is-style-rounded"><figure class="alignleft size-large is-resized"><img loading="lazy" src="https://www.ardecheinfoservice.fr/wp-content/uploads/2021/03/pexels-karolina-grabowska-4386373-1024x683.jpg" alt="" class="wp-image-134" width="271" height="180" srcset="https://www.ardecheinfoservice.fr/wp-content/uploads/2021/03/pexels-karolina-grabowska-4386373-1024x683.jpg 1024w, https://www.ardecheinfoservice.fr/wp-content/uploads/2021/03/pexels-karolina-grabowska-4386373-300x200.jpg 300w, https://www.ardecheinfoservice.fr/wp-content/uploads/2021/03/pexels-karolina-grabowska-4386373-768x512.jpg 768w, https://www.ardecheinfoservice.fr/wp-content/uploads/2021/03/pexels-karolina-grabowska-4386373-1536x1024.jpg 1536w, https://www.ardecheinfoservice.fr/wp-content/uploads/2021/03/pexels-karolina-grabowska-4386373-2048x1365.jpg 2048w" sizes="(max-width: 271px) 100vw, 271px" /></figure></div>



<p>Il est important de se faire une idée du coût d&rsquo;un service avant de faire appel à une aide extérieure.</p>



<p>Les coûts de mes services sont faciles à comprendre et à appréhender :</p>



<ul><li>Déplacement : 1 €/kilomètre aller de Labégude au lieu de déplacement</li><li>Prestation : 60 €/heure pour un particulier, 100 €/heure pour un professionnel</li><li>Forfaits journaliers et mensuels</li><li>Devis pour particuliers : payant si déplacement (frais de déplacements ci-dessus), déduit de la facture si accepté</li><li>Devis pour professionnels : payant (déplacement + taux horaire)</li><li>Tous les prix sont TTC</li><li>Devis valable 1 mois</li></ul>



<figure class="wp-block-table is-style-stripes"><table class="has-fixed-layout"><thead><tr><th>Coût</th><th>Particulier</th><th>Professionnel</th></tr></thead><tbody><tr><td>Frais de déplacement</td><td>1 €/km aller</td><td>1 €/km aller</td></tr><tr><td>Taux horaire</td><td>60 €/h</td><td>100 €/h</td></tr><tr><td>Forfait journalier ( -25 % *)</td><td>360 €/j</td><td>600 €/j</td></tr><tr><td>Forfait mensuel ( -37 % *)</td><td>6 000 €/m</td><td>10 000 €/m</td></tr></tbody></table></figure>



<p style="font-size:10px">* Base de 8 h/jour et 20 j/mois</p>



<p><a href="https://www.ardecheinfoservice.fr/index.php/contact/" data-type="page" data-id="20">N&rsquo;hésitez pas à me contacter</a> afin que nous définissions ensemble les prestations dont vous avez besoin.</p>

<p class="qua-blog-post-description">Il est important de se faire une idée du coût d&rsquo;un service avant de faire appel à une aide extérieure. Les coûts de mes services sont faciles à comprendre et à appréhender : Déplacement : 1 €/kilomètre aller de Labégude au lieu de déplacement Prestation : 60 €/heure pour un particulier, 100 €/heure pour un [&hellip;]</p>
